 x be h(2). Suppose -135*p = -142*p + x. What is the units digit of p?
8
Let j = -99811 - -168589. What is the tens digit of j?
7
Let s(i) = 3*i + 28. Let j be s(-12). Let w be ((-268)/j)/((-1)/(-6)). Let o = w - 104. What is the tens digit of o?
9
Suppose 52*g + 80384 = 68*g. What is the hundreds digit of g?
0
Let l(f) = f**2 + 2*f + 2. Let h be l(-1). Let r be (-1 - h) + (1 - -381). Suppose r = -126*o + 130*o. What is the units digit of o?
5
Suppose c = 2, -a + 6 = 3*a - 3*c. Let i(y) = y**2 + 14*y - 7. Let o be i(-15). Suppose -z - o + 50 = a*t, z = 4*t - 56. What is the tens digit of t?
1
What is the units digit of 3/(-4) + (-1*7)/(8/(-2186))?
2
Suppose 0 = -4*m + 20, 3*w = 5*w + 2*m - 3398. What is the tens digit of w?
9
Let f = 159 - 157. Suppose 3*i = -f*i + 835. What is the tens digit of i?
6
Let d(h) = h**2 + 7*h + 13. Let r = 30 - 37. Let k be d(r). Suppose -k*l - 212 = -17*l. What is the tens digit of l?
5
Let x be -3 + 3 + -1 - -13. Let q be (5/(-4)*-3 + -4)*0. Suppose 4*r - 64 - x = q. What is the tens digit of r?
1
Let w be (1 + 10/4)*(-136)/(-119). Suppose 4*l - 5*h = 1083, 528 = 2*l + w*h - 2*h. Suppose 2*u - 657 = -5*i, 2*i = -u - 4*u + l. What is the tens digit of i?
3
Suppose -3*c = -8*h + 91399, -57139 = -146*h + 141*h - 3*c. What is the units digit of h?
6
Let l = -3842 - -4090. What is the tens digit of l?
4
Suppose -3*j - 18 = -3*h + 27, 3*h = j + 35. What is the units digit of (-1362)/(-10) - 2/h?
6
Let a(o) = 6*o**3 + 12*o**2 + 3*o + 2. Let i be a(-8). What is the tens digit of i/(-8) - ((-119)/28 + 4)?
9
Let h = 11292 - 2839. What is the units digit of h?
3
Let j(u) be the first derivative of -21*u**2/2 - 42*u + 26. What is the tens digit of j(-11)?
8
Suppose 54*y - 670320 = -18*y. What is the thousands digit of y?
9
Suppose -6*i = i + 7. Let t be (i - 217)*(14/2)/(-14). Suppose 0 = -2*l + 489 - t. What is the units digit of l?
0
What is the tens digit of 10 + -19 + 31293 + -6?
7
Let r(s) = 4*s + 156. Suppose 3*h + 5*y - 54 = 2*y, -58 = -3*h - y. What is the hundreds digit of r(h)?
2
Suppose 16*l = 5*l + 4917. Suppose 11*u = 796 + l. What is the units digit of u?
3
Let q be (1/2)/(-2*8/384). What is the tens digit of 38 + (-11)/2 + (-18)/q?
3
Suppose b = -4*h + 203, 3*h - 156 + 4 = -b. Let z = h - 31. Let y = -3 + z. What is the tens digit of y?
1
Let c = -74 + 44. Let h be 670/12 - 5/c. Let i = h + 36. What is the units digit of i?
2
Let r be (165/2)/(17/34). Suppose 19*p + r = 24*p. What is the tens digit of p?
3
Suppose 155*k - 63*k = 51*k + 700567. What is the tens digit of k?
8
Let w(v) = 894*v**2 - 10*v - 10. Let c be w(-1). Let q = c + -181. What is the units digit of q?
3
Let p = 509 + -505. Suppose p*o + 152 = 2536. What is the hundreds digit of o?
5
Suppose -7 = 7*j - 11*j + 5*k, -5*k = 3*j - 14. Suppose -j*l + 3*y + 791 = -763, -2*y - 2 = 0. What is the units digit of l?
7
Let j = -16429 - -52701. What is the tens digit of j?
7
Suppose -4*l - 168 + 633 = 5*b, 0 = -3*l. Let j = b + -91. Suppose 4*n - 15 = p, j*p - p = -4*n + 25. What is the units digit of p?
5
Suppose -10*j + 7*j = -2742. Suppose 3*l - 994 = j. What is the tens digit of l?
3
Suppose 0 = -2*n + 4*m + 36712, -5*n + 36*m - 38*m + 91696 = 0. What is the units digit of n?
2
Let c be 10/(-65) + 1/26*4. Suppose -4*f + 4*y - 2612 = -c*f, f + 651 = -y. What is the units digit of ((f/8)/1)/(1/(-2))?
3
Let k = -213 + 468. Suppose 0 = -2*g + 5*u - 296, -g + 4*g - 2*u + 455 = 0. Let r = g + k. What is the tens digit of r?
0
Suppose 0 = 3*o + 4*s - 115300, 2566*s - 2567*s = -2*o + 76863. What is the units digit of o?
2
Suppose 5*n - 2*o - 14538 - 10867 = 0, 15243 = 3*n - o. What is the thousands digit of n?
5
Suppose -16*a = -19*a + 12558. Suppose -12*c - a = -19*c. What is the hundreds digit of c?
5
What is the thousands digit of (-22)/33 - 28210/(-15)?
1
Let c = 130 - 73. Suppose 0 = 62*a - c*a - 480. What is the tens digit of a?
9
Suppose -4*k + 67 = -5. Let z(p) = -p**3 + 19*p**2 - 8*p + 13. Let g be z(k). Let s = g + -126. What is the tens digit of s?
6
Let v = -98 + 96. What is the hundreds digit of 399 - (-1 + (v - -6))?
3
Suppose -g - g - 2*b = -7232, -5*g + 18096 = b. Suppose 4*k + 2*h = 2598, -g = -5*k - 3*h - 370. What is the tens digit of k?
4
Let p(s) = -410*s + 598. What is the hundreds digit of p(-6)?
0
Suppose v - 7*v = -12. Suppose v*b - 507 = -2075. What is the tens digit of b/(-4) - (-1)/((-2)/(-6))?
9
Suppose 3*g + i - 827 = 2*i, -4*g = i - 1105. What is the units digit of (806/3)/(g/27 + -10)?
9
Let y = 137 - -118. Let m be (-32)/(-56) - y/(-7). Suppose -w = -m - 28. What is the units digit of w?
5
Let y(s) = 2*s - 9. Let j be y(10). Suppose -j*h = -15*h. Suppose 3*f = -4*t + 326, -4*t = -h*f + f - 98. What is the units digit of f?
4
What is the tens digit of (-10087)/(-4) - (1316/112 - 11)?
2
Let t = 348 + -174. Let o = 1682 + t. What is the units digit of o?
6
Let o(r) = r**3 + 72*r**2 + 596*r - 20. What is the hundreds digit of o(-60)?
4
Let p = 37 - 20. Suppose -p*u + 18*u - 39 = 0. Suppose 5*d - g - u = 3*d, -3*d + 59 = -g. What is the units digit of d?
0
Let c(a) = 2417*a - 594. What is the tens digit of c(26)?
4
Suppose -2*p - 2*y + 8 = 0, -5*y - 20 = -0*y. Let n(f) = 2*f**3 + 4*f**2 - 13*f - 32. What is the hundreds digit of n(p)?
1
Let o = 110 + -103. Let u(z) = 4*z**2 - 2*z + 10. What is the units digit of u(o)?
2
Suppose 11*v + 14 = -85. Let r(d) = -26*d + 52. What is the hundreds digit of r(v)?
2
Let g = -36 - -40. Let y(u) = 10*u**2 + 7 + g*u - 14*u**2 - 2 + u**3. What is the tens digit of y(4)?
2
Let p = 1645 + -383. What is the thousands digit of p?
1
Let r = -343 + 264. Let u = r - -92. What is the tens digit of u?
1
Suppose 3*g - 1369 = -2*v, v + 5*g - 825 = -137. Suppose 1173 = 29*x - v. What is the units digit of x?
4
Suppose 219*b - 6820 = 214*b. Suppose b + 576 = 4*n. What is the hundreds digit of n?
4
Suppose 72 + 38 = 11*w. Let z(r) = 32*r + 43. What is the tens digit of z(w)?
6
Suppose 28*u - 423800 + 154860 = 0. What is the units digit of u?
5
Suppose -24*t + 3665 = -19*t. Suppose -3*c = -t + 43. What is the units digit of c?
0
Let l be (-1 - -3) + -1 - 144. Let s = -166 - -415. Let o = s + l. What is the hundreds digit of o?
1
Let v(m) = -6*m + 34. Let r be v(6). Let n(o) = 2*o**2 + 2*o + 2. Let b be n(r). Suppose -4*c - 104 = -3*z, -14 = 4*c + b. What is the tens digit of z?
2
Let h(k) = k**3 + 35*k**2 + 30*k - 585. What is the tens digit of h(-31)?
2
Let l(h) be the second derivative of -h**5/20 - 5*h**4/6 - 11*h**3/2 - 7*h**2/2 + 19*h + 2. What is the tens digit of l(-10)?
2
Suppose -8*q = -q - 0*q. Suppose -4*k - 10 = 2*s, -k - 3 - 2 = q. Suppose -s - 46 = -r. What is the tens digit of r?
5
Let b be 56/21*(-3)/(-4). What is the tens digit of (-1)/(-2) + 825/6 + b?
4
Let x(t) = 45 + 17*t + 5*t - 7*t - 118. What is the hundreds digit of x(47)?
6
Suppose -3*a = -4*x + 34401, 6*x - 13*x + 4*a = -60208. What is the hundreds digit of x?
6
Suppose 0 = -7*q - 8*q + 34042 + 97403. What is the units digit of q?
3
Suppose 8*j - 2066 = 3*j - 2*b, -5*j + 2064 = 3*b. Suppose 19*f = 17*f + j. What is the tens digit of f?
0
Let r = -3753 + 7281. What is the thousands digit of r?
3
Let l(d) = 53*d**2 - 768*d + 19. What is the hundreds digit of l(15)?
4
Let z(g) = 190*g**2 - 55*g + 128. What is the tens digit of z(-14)?
3
Suppose -3*b = -d - 20, -2*b + 15 = -d - 0*b. Let o be (5/d)/((-1)/18). Let f = 161 + o. What is the hundreds digit of f?
1
Suppose 28*g - 201738 = 100914. What is the ten thousands digit of g?
1
Let q = -90 + 117. Let x = 198 - q. Suppose 0*i + x = 9*i. What is the tens digit of i?
1
Let c = -4 + 6. Suppose s - c = -2*j - 2*s, -5*s + 20 = 0. What is the units digit of j*(3 - (-284)/(-20))?
6
Let k be (-1)/(-2) + 108/72. Suppose k*b + 2*n - 90 = 0, 0*n + n - 91 = -2*b. What is the tens digit of b?
4
Let d = -2535 - -8026. What is the hundreds digit of d?
4
Suppose -2*v = 5*l - 0*l - 890, 3*v = 5*l - 915. Suppose 5*b - c - 626 = 0, l = 2*b + c - 69. Suppose b = -u + 6*u. What is the units digit of u?
5
Suppose 9*g - 36 = -3*g. Suppose 0 = 4*i - 4*k - 4, 2*k + g = -1. What is the tens digit of (((-126)/24)/i)/((-1)/(-24))?
2
Let i(u) = -u - 19. Let t be i(-10). Let k(z) = 2*z**2 + 18*z - 20. Let q be k